{"id":112,"date":"2019-05-17T14:27:11","date_gmt":"2019-05-17T12:27:11","guid":{"rendered":"https:\/\/www.evglyon.com\/?page_id=112"},"modified":"2019-05-22T15:53:19","modified_gmt":"2019-05-22T13:53:19","slug":"faq","status":"publish","type":"page","link":"https:\/\/www.teambuildinglyon.fr\/index.php\/faq\/","title":{"rendered":"FAQ"},"content":{"rendered":"<div class=\"wpb-content-wrapper\"><p>[vc_row css_animation=\u00a0\u00bb\u00a0\u00bb row_type=\u00a0\u00bbrow\u00a0\u00bb use_row_as_full_screen_section=\u00a0\u00bbno\u00a0\u00bb type=\u00a0\u00bbfull_width\u00a0\u00bb angled_section=\u00a0\u00bbno\u00a0\u00bb text_align=\u00a0\u00bbleft\u00a0\u00bb background_image_as_pattern=\u00a0\u00bbwithout_pattern\u00a0\u00bb][vc_column css=\u00a0\u00bb.vc_custom_1558097619777{padding-bottom: 80px !important;}\u00a0\u00bb]<div class=\"custom_font_holder \" style=\" font-style: normal; font-weight: 300; text-decoration: none; text-align: left; --qode-cf-font-size: 40px; --qode-cf-line-height: 42px; --qode-cf-font-size-1440: 40px; --qode-cf-line-height-1440: 42px; --qode-cf-font-size-1366: 40px; --qode-cf-line-height-1366: 42px; --qode-cf-font-size-1280: 40px; --qode-cf-line-height-1280: 42px; --qode-cf-font-size-1024: 40px; --qode-cf-line-height-1024: 42px; --qode-cf-font-size-768: 40px; --qode-cf-line-height-768: 42px; --qode-cf-font-size-680: 40px; --qode-cf-line-height-680: 42px; --qode-cf-font-size-480: 40px; --qode-cf-line-height-480: 42px;\">\n<p style=\"text-align: center;\">FAQ<\/p>\n<\/div>[\/vc_column][\/vc_row][vc_row css_animation=\u00a0\u00bb\u00a0\u00bb row_type=\u00a0\u00bbrow\u00a0\u00bb use_row_as_full_screen_section=\u00a0\u00bbno\u00a0\u00bb type=\u00a0\u00bbfull_width\u00a0\u00bb angled_section=\u00a0\u00bbno\u00a0\u00bb text_align=\u00a0\u00bbleft\u00a0\u00bb background_image_as_pattern=\u00a0\u00bbwithout_pattern\u00a0\u00bb][vc_column][vc_column_text]<\/p>\n<h1><span style=\"color: #339966;\">Combien de personnes peuvent participer \u00e0 un teambuilding ?<\/span><\/h1>\n<p>Nous pouvons accueillir des groupes de 8 \u00e0 20 personnes.<\/p>\n<p>&nbsp;<\/p>\n<h1><span style=\"color: #339966;\">Comment organiser et r\u00e9server notre \u00e9v\u00e8nement ?<\/span><\/h1>\n<p>Remplissez le formulaire et nous vous recontacterons rapidement.<\/p>\n<h1><span style=\"color: #339966;\">Les activit\u00e9s sont-elles dangereuses ?<\/span><\/h1>\n<p>Si vous respectez les consignes des animateurs, les activit\u00e9s sont sans danger.<\/p>\n<h1><\/h1>\n<h1><span style=\"color: #339966;\">Comment faut-il \u00eatre v\u00eatu pour les activit\u00e9s ?<\/span><\/h1>\n<p>Il suffit de porter des baskets et des v\u00eatements l\u00e9gers.<\/p>\n<p>&nbsp;<\/p>\n<h1><span style=\"color: #339966;\">Peut-on se garer facilement ?<\/span><\/h1>\n<p>Il y a un grand parking de 200 places \u00e0 votre disposition !<\/p>\n<p>&nbsp;<\/p>\n<h1><span style=\"color: #339966;\">Peut-on se doucher sur place ?<\/span><\/h1>\n<p>Oui, vous trouverez sur place des douches individuelles.<\/p>\n<p>&nbsp;<\/p>\n<p>[\/vc_column_text][\/vc_column][\/vc_row]<\/p>\n<\/div>","protected":false},"excerpt":{"rendered":"<p>[vc_row css_animation=\u00a0\u00bb\u00a0\u00bb row_type=\u00a0\u00bbrow\u00a0\u00bb use_row_as_full_screen_section=\u00a0\u00bbno\u00a0\u00bb type=\u00a0\u00bbfull_width\u00a0\u00bb angled_section=\u00a0\u00bbno\u00a0\u00bb text_align=\u00a0\u00bbleft\u00a0\u00bb background_image_as_pattern=\u00a0\u00bbwithout_pattern\u00a0\u00bb][vc_column css=\u00a0\u00bb.vc_custom_1558097619777{padding-bottom: 80px !important;}\u00a0\u00bb][\/vc_column][\/vc_row][vc_row css_animation=\u00a0\u00bb\u00a0\u00bb row_type=\u00a0\u00bbrow\u00a0\u00bb use_row_as_full_screen_section=\u00a0\u00bbno\u00a0\u00bb type=\u00a0\u00bbfull_width\u00a0\u00bb angled_section=\u00a0\u00bbno\u00a0\u00bb text_align=\u00a0\u00bbleft\u00a0\u00bb background_image_as_pattern=\u00a0\u00bbwithout_pattern\u00a0\u00bb][vc_column][vc_column_text] Combien de personnes peuvent participer \u00e0 un teambuilding ? Nous pouvons accueillir des groupes de 8 \u00e0 20 personnes. &nbsp; Comment organiser et r\u00e9server notre \u00e9v\u00e8nement ?&#8230;<\/p>\n","protected":false},"author":1,"featured_media":0,"parent":0,"menu_order":0,"comment_status":"closed","ping_status":"closed","template":"","meta":{"footnotes":""},"class_list":["post-112","page","type-page","status-publish","hentry"],"aioseo_notices":[],"_links":{"self":[{"href":"https:\/\/www.teambuildinglyon.fr\/index.php\/wp-json\/wp\/v2\/pages\/112","targetHints":{"allow":["GET"]}}],"collection":[{"href":"https:\/\/www.teambuildinglyon.fr\/index.php\/wp-json\/wp\/v2\/pages"}],"about":[{"href":"https:\/\/www.teambuildinglyon.fr\/index.php\/wp-json\/wp\/v2\/types\/page"}],"author":[{"embeddable":true,"href":"https:\/\/www.teambuildinglyon.fr\/index.php\/wp-json\/wp\/v2\/users\/1"}],"replies":[{"embeddable":true,"href":"https:\/\/www.teambuildinglyon.fr\/index.php\/wp-json\/wp\/v2\/comments?post=112"}],"version-history":[{"count":1,"href":"https:\/\/www.teambuildinglyon.fr\/index.php\/wp-json\/wp\/v2\/pages\/112\/revisions"}],"predecessor-version":[{"id":137,"href":"https:\/\/www.teambuildinglyon.fr\/index.php\/wp-json\/wp\/v2\/pages\/112\/revisions\/137"}],"wp:attachment":[{"href":"https:\/\/www.teambuildinglyon.fr\/index.php\/wp-json\/wp\/v2\/media?parent=112"}],"curies":[{"name":"wp","href":"https:\/\/api.w.org\/{rel}","templated":true}]}}